, what is 9589 - 12?
9577
In base 3, what is 11 - -101200?
101211
In base 13, what is c11 - -40?
c51
In base 3, what is -20011 - 100011?
-120022
In base 2, what is -100 + -11101000101101010?
-11101000101101110
In base 7, what is -2536 + 103?
-2433
In base 2, what is 10010101 - -11110100001?
100000110110
In base 8, what is -11 + 27351?
27340
In base 12, what is 223b + -5?
2236
In base 11, what is -681 + 484?
-1a8
In base 14, what is -3 + -280a?
-280d
In base 16, what is 84b5e - -3?
84b61
In base 14, what is 179012 + -3?
17900d
In base 3, what is 200 - -110022122120?
110022200020
In base 7, what is 641266 + 3?
641302
In base 10, what is 7 + 4158?
4165
In base 5, what is 14421344 - -2?
14421401
In base 9, what is 2 + 126282?
126284
In base 10, what is 13 + 109740?
109753
In base 2, what is -1 - 100111000100111000?
-100111000100111001
In base 15, what is -1a8d9 - -4?
-1a8d5
In base 7, what is 100 - -334351?
334451
In base 6, what is -15354225 + 0?
-15354225
In base 5, what is -2140232204 - 0?
-2140232204
In base 11, what is 328447 + 4?
328450
In base 2, what is -110101011010001011 + -101?
-110101011010010000
In base 10, what is -229414 + -15?
-229429
In base 6, what is -5 + -300320?
-300325
In base 15, what is 4 - bdd7?
-bdd3
In base 5, what is 34111 + -21?
34040
In base 14, what is -2 - -1d6a?
1d68
In base 11, what is -13 - -126a?
1257
In base 2, what is 1010010100110 - 1?
1010010100101
In base 13, what is -c63 - bc?
-1052
In base 16, what is a - f8?
-ee
In base 15, what is -3 + 2ae0d?
2ae0a
In base 2, what is -1001100 - -10000010011?
1111000111
In base 9, what is 444 - 206?
237
In base 16, what is b6569 - -3?
b656c
In base 7, what is 3 + -6612?
-6606
In base 2, what is -11 - -110110011000010?
110110010111111
In base 15, what is 880 + -776?
109
In base 16, what is -4 + 1e67a?
1e676
In base 5, what is -20334132 + -4?
-20334141
In base 2, what is 100011100 - -1000001000?
1100100100
In base 16, what is -3e98 + 4?
-3e94
In base 13, what is -1c8 + 1ab?
-1a
In base 5, what is -43110 - -212?
-42343
In base 14, what is 0 + 9cc9?
9cc9
In base 7, what is 65163 - -15?
65211
In base 6, what is -2 + 1555034?
1555032
In base 4, what is 2 - 2211111?
-2211103
In base 16, what is -4f44 - -2?
-4f42
In base 13, what is 218 + 21?
239
In base 12, what is 8bb1 + -56?
8b57
In base 8, what is 2 + -101221?
-101217
In base 7, what is -1543 + 20435?
15562
In base 3, what is -101210 + -21000002?
-21101212
In base 10, what is -4 - -126540?
126536
In base 15, what is 2401 - -d?
240e
In base 3, what is -120011 + 22001?
-21010
In base 16, what is 2483 - 3?
2480
In base 7, what is -1532340 - -2?
-1532335
In base 2, what is 1000 + 101110001000?
101110010000
In base 6, what is 234 + 2555?
3233
In base 16, what is 3381 + -f?
3372
In base 12, what is -119853 + 4?
-11984b
In base 11, what is -17 - -2162?
2146
In base 12, what is 360019 - -1?
36001a
In base 5, what is -32211 + -44?
-32310
In base 2, what is -1111011101101110011 + 10?
-1111011101101110001
In base 4, what is -1 - 13120?
-13121
In base 5, what is 2 - -1041243?
1041300
In base 11, what is -3a2 - -8a?
-313
In base 13, what is -4 - -1367?
1363
In base 15, what is e888a + 2?
e888c
In base 8, what is -33415 + -25?
-33442
In base 9, what is -36558 + -60?
-36628
In base 11, what is 44a4 + -122?
4382
In base 9, what is -5 + 515612?
515606
In base 14, what is c4 - 53b6?
-52d2
In base 16, what is -37953 - 5?
-37958
In base 13, what is 0 + -34779?
-34779
In base 16, what is -68 + 4662?
45fa
In base 3, what is -22 + 112000221?
112000122
In base 13, what is 1 + -7233?
-7232
In base 9, what is -1286 - 2455?
-3752
In base 5, what is -30124 + -1220?
-31344
In base 3, what is 21000 - -2100220?
2121220
In base 13, what is 3 + -11100?
-110ca
In base 10, what is -29 + 23353?
23324
In base 16, what is -86 - -2422?
239c
In base 7, what is 10 + 250366?
250406
In base 4, what is 10200312 - 1233?
10133013
In base 9, what is 606 + -422?
174
In base 7, what is -21206512 + -1?
-21206513
In base 2, what is -110010111110 - 1?
-110010111111
In base 16, what is -61433b - 2?
-61433d
In base 15, what is 1290 - -154?
13e4
In base 2, what is 100010101010000011 + 1000?
100010101010001011
In base 6, what is -10430350 + -2?
-10430352
In base 16, what is 5 - -1d01f?
1d024
In base 2, what is 101 - -1001111000101111010?
1001111000101111111
In base 14, what is 1 + -1bbb?
-1bba
In base 13, what is 2483 - 51?
2432
In base 5, what is 3 + 3402134?
3402142
In base 9, what is 187717 + -4?
187713
In base 14, what is d47c8 + -11?
d47b7
In base 11, what is 497 - -21?
508
In base 4, what is 2033 - 322?
1111
In base 11, what is 1 - 210?
-20a
In base 5, what is -34 - -3244?
3210
In base 7, what is 2213610 + 2?
2213612
In base 9, what is 15318 + -3?
15315
In base 2, what is -1000001001111 - 1001?
-1000001011000
In base 4, what is 1100 + -1110?
-10
In base 10, what is -3308 - -18?
-3290
In base 13, what is 2 - -9027?
9029
In base 7, what is -56 - -255?
166
In base 9, what is 48316 - 2?
48314
In base 11, what is -1367206 + 4?
-1367202
In base 13, what is -a + -1c152?
-1c15c
In base 15, what is -79774 + -7?
-7977b
In base 14, what is 672 + 1?
673
In base 12, what is -95a6 - -2a?
-9578
In base 8, what is -3212 - -4?
-3206
In base 16, what is -1c1 + -1fd3?
-2194
In base 9, what is 145530 + -1?
145528
In base 15, what is -4 + 363?
35e
In base 4, what is 200 - 20022312?
-20022112
In base 15, what is -52d - -79?
-4a4
In base 2, what is -10110101011101110 + 0?
-10110101011101110
In base 10, what is 8 - -50805?
50813
In base 12, what is -2 - 34453?
-34455
In base 16, what is -d7fd8 - 3?
-d7fdb
In base 9, what is 3 + 268845?
268848
In base 2, what is 110 - 11011000111111?
-11011000111001
In base 6, what is -10 - -35002?
34552
In base 12, what is -537 + 23?
-514
In base 10, what is 443 + -5180?
-4737
In base 6, what is 11 + 300133?
300144
In base 15, what is -c - -221?
214
In base 4, what is -3220322 - -11?
-3220311
In base 4, what is 332200 - -13?
332213
In base 16, what is -7d - 291?
-30e
In base 8, what is -3 + 25531?
25526
In base 15, what is 5 - -e5748?
e574d
In base 12, what is -201b + 5b0?
-162b
In base 8, what is -5 + 356225?
356220
In base 6, what is 1433 + -123?
1310
In base 15, what is -5 - c29?
-c2e
In base 5, what is -1 - 244132?
-244133
In base 9, what is 5570 + -71?
5488
In base 16, what is -289c - -1?
-289b
In base 11, what is a + 236a?
2379
In base 7, what is 521 - -3631?
4452
In base 11, what is 115a22a - 1?
115a229
In base 9, what is -46 - -784?
737
In base 12, what is 4 + 131882?
131886
In base 10, what is 99 - 324?
-225
In base 6, what is 1051 + 25?
1120
In base 11, what is -aaa7 - -4?
-aaa3
In base 3, what is 12 - -21022110002?
21022110021
In base 13, what is 125 - -218?
340
In base 3, what is -102010200 - -10?
-102010120
In base 5, what is 132 + 300?
432
In base 16, what is -bb - 26c?
-327
In base 3, what is 2210102021 - -1?
2210102022
In base 6, what is -2 + -2005?
-2011
In base 16, what is -4 - 278?
-27c
In base 13, what is -4 + -1189b7?
-1189bb
In base 16, what is ae1 + 9b?
b7c
In base 16, what is -508d - 1?
-508e
In base 10, what is -1365 + 22?
-1343
In base 9, what is 261 - 10067?
-8706
In base 4, what is 11 + 210101011?
210101022
In base 2, what is 11010110 - -10010110?
101101100
In base 3, what is -120 + 11202020?
11201200
In base 9, what is -767174 + -5?
-767180
In base 6, what is -1012 + 2145?
1133
In base 15, what is 349 + 0?
349
In base 12, what is -b13a0 + -4?
-b13a4
In base 3, what is -1010002020010 - 12?
-1010002020022
In base 5, what is -3 - -434240?
434232
In base 5, what is -40340444 - -4?
-40340440
In base 16, what is 23 - 122c?
-1209
In base 14, what is 1b55 + 82?
1bd7
In base 3, what is -2 + -1102222110?
-1102222112
In base 8, what is -7437 + -64?
-7523
In base 6, what is 121 + 2035?
2200
In base 12, what is -15aa2 + 48?
-15a56
In base 5, what is 4 - 1434433?
-1434424
In base 7, what is -6052 - -14?
-6035
In base 12, what is 101 - 70?
51
In base 16, what is -3 - 807df?
-807e2
In base 10, what is 1 + 12224?
12225
In base 5, what is 1400 + -100343?
-43443
In base 9, what is -1 + 72318?
72317
In base 4, what is -112032 - -21?
-112011
In base 3, what is 1110102200 - -2?
1110102202
In base 3, what is 1 + -101200110121?
-101200110120
In base 16, 